hen 1 - 2/(8/(-100)) is divided by 9?
8
Suppose 42*h - 39*h = 27. Suppose 0*c + 111 = 3*c - 3*x, 0 = c + 5*x - 25. Calculate the remainder when c is divided by h.
8
Suppose 4*j = -0*j + 20. Let h = 6 - j. What is the remainder when h/(3/6) - 1 is divided by 1?
0
Let z(h) = 4*h**2 + 22*h + 1. What is the remainder when z(-7) is divided by 25?
18
Suppose 0 = -5*o + 5 - 0, 3*l = 5*o - 2. Let d be ((-16)/(-6))/(l/18). Suppose 6*k = 3*k + d. Calculate the remainder when 46 is divided by k.
14
Let b(v) be the third derivative of v**4/24 - v**3/6 + v**2. Let g = -10 - -13. What is the remainder when 2 is divided by b(g)?
0
Suppose 16 + 11 = 3*b. Suppose b = j + 2*j. Suppose 3 = -g + 3*g + 3*c, -j*c = 4*g - 9. Calculate the remainder when g is divided by 2.
1
Suppose 4*s + 2*d - 90 = 0, 5*s = -3*d + 153 - 43. What is the remainder when 47 is divided by s?
22
Let g(b) = 30*b + 3. Let n(m) = 451*m + 44. Let c(w) = 44*g(w) - 3*n(w). Let h be c(-1). Suppose -27 = -4*f + h. What is the remainder when f is divided by 8?
7
Let l(d) = d**3 + 6*d**2 - d - 8. Let b be l(-6). What is the remainder when 19/(-1)*(b - -1) is divided by 7?
5
Let d = 18 - 8. Let n(i) = -i**3 - 10*i**2 + 9*i - 18. What is the remainder when d is divided by n(-11)?
2
Let c = 46 - 94. Let w = c - -310. Suppose -2*t = 5*x - 329, -7*x - 2*t + w = -3*x. What is the remainder when x is divided by 23?
21
Let x(a) = -3*a - 3. Let d = -2 + 1. Let j be -3 - -1*(0 - d). What is the remainder when 11 is divided by x(j)?
2
Let x = 26 + -10. Let f = x - 2. What is the remainder when 27 is divided by f?
13
Suppose -46 = -2*v - 3*y, 3*y - 7*y - 69 = -3*v. What is the remainder when 67 is divided by v?
21
Let b = -4 + 6. Suppose 2*t - 13 = t + 4*p, b*p - 43 = -5*t. What is the remainder when 1 + -15*1*-1 is divided by t?
7
Suppose 3*g = 4*p + 5*g + 178, 3*g = p + 62. Let d = -26 - p. What is the remainder when d is divided by 11?
10
Let g(n) = -n + 1. Suppose -12 = 4*v - 0. Suppose 0 = 2*m + 10, -4*z - 8 = m - 27. What is the remainder when z is divided by g(v)?
2
Let r(u) = 4*u**2 + u + 1. Let g be r(-1). Suppose -5*q = -0*a + g*a + 20, 2*a = -5*q. What is the remainder when 9 is divided by (-6)/(-10) + (-24)/a?
0
Suppose h = 40 - 6. Suppose -3*a - 5*k + 0*k + h = 0, -4*k - 32 = -5*a. Calculate the remainder when 21 is divided by a.
5
Suppose -c - 26 = -4*n, 5*c + 80 = -0*c - 5*n. Suppose 0 = -0*m + 5*m - 135. Let p = m + c. What is the remainder when 25 is divided by p?
7
Let v(q) = 1. Let d(m) = -m - 2. Let w(b) = d(b) + 5*v(b). Calculate the remainder when w(-13) is divided by 6.
4
Let l be 12/(12/4) - 1. Suppose -2*w - 22 = -l*w. What is the remainder when 65 is divided by w?
21
Let i = 6 - -41. What is the remainder when i is divided by (-32)/(-6)*(1 + 2)?
15
Suppose -6*f = -0*f - 126. Suppose -f = -0*q - 7*q. Calculate the remainder when 3 is divided by q.
0
Suppose 2*x = -4*k - 0*k + 52, -x + 47 = -5*k. Calculate the remainder when x is divided by 20.
12
Suppose 2*p + 2*a = 66, 3*p + 3*a = -p + 130. Suppose 0 = -4*l, -u - u + 2*l = -32. Calculate the remainder when p is divided by u.
15
Suppose -7 = 2*i - 23. What is the remainder when 29 is divided by -3 + i + -3 + 13?
14
Suppose -4*x + 0*r - 4*r + 136 = 0, 5*x - 3*r - 178 = 0. Suppose -2*i + 45 = 3*i. Calculate the remainder when x is divided by i.
8
Let j(n) = -161*n + 8. What is the remainder when j(-1) is divided by 34?
33
Let q(w) = -2*w - 44. Calculate the remainder when (-3)/12 + (-138)/(-8) is divided by q(-24).
1
Let b = -15 + 65. Calculate the remainder when b is divided by 13.
11
Let f = 2 - -11. Let j(p) = -p**2 + 12*p - 1. What is the remainder when j(6) is divided by f?
9
Suppose -5*h + 8 = -3*h. Suppose -4*u - h*c = 72, 4*u + 99 = -u - 2*c. Calculate the remainder when (-2)/10 - u/5 is divided by 2.
0
Let t = -5 + 12. Suppose t = 3*d - 2*d. What is the remainder when 27 is divided by d?
6
Let u(c) be the third derivative of -c**6/120 + c**5/10 - c**4/8 + 2*c**3/3 + 3*c**2. What is the remainder when u(5) is divided by 8?
6
Let d(q) = q**2 - 6*q + 8. Let g be d(4). Suppose -13 = -b - g*u - 4*u, 0 = 4*u. What is the remainder when b is divided by 7?
6
Let x(t) = -t**3 + 11*t**2 - 9*t - 7. Let l be 2/5 + (-48)/(-5). What is the remainder when 4 is divided by x(l)?
1
Suppose -5*v = -3*r + 22, -2*v + 44 = 4*r + 6. Let c(h) = 6*h**2 - h - 1. Let f be 3/2*(-10)/15. What is the remainder when r is divided by c(f)?
3
Suppose 3*p + 3*v = 75, 0*p + 105 = 4*p - v. Calculate the remainder when p is divided by 4.
2
Let v(t) = -7*t + 18. Calculate the remainder when v(-17) is divided by 23.
22
Let y(w) = -w**2 - 11*w + 79. What is the remainder when y(-15) is divided by 8?
3
Let o = 13 - 1. What is the remainder when 35 is divided by 0 + o - (3 - 3)?
11
Let s be (-12)/(-16) + (-1)/(-4). Let p be 1/(-2)*-14 - s. What is the remainder when 24 is divided by p/(-9)*(-39)/2?
11
Suppose 3*c = 12 - 3. Suppose c*d - 4*d = -f + 19, -2*f = -4*d - 30. Suppose -2*y = -4 - 12. Calculate the remainder when f is divided by y.
7
Suppose -2*l = -2*u + 66, 4*u + 4*l + 24 - 124 = 0. Calculate the remainder when u is divided by 10.
9
Suppose 2*z = -2*p + 408, p - 3*z - 4 = 184. Suppose 5*r + m = p, -5*r + 4*m - 83 = -258. Calculate the remainder when r is divided by 21.
18
Let i(d) = -d**3 - 8*d**2 - 13*d - 12. What is the remainder when i(-8) is divided by 19?
16
Suppose 0 = 2*m - 3*m. Suppose m = -b - 2*b. Let f(t) = -t**3 + 25. What is the remainder when f(b) is divided by 9?
7
Let o(d) = 2*d**3 + 3*d**2 - 2*d - 2. Let a be 1 + 1 - (10 - 10). Calculate the remainder when 85 is divided by o(a).
19
Let r(b) = -b**3 - 12*b**2 - 4*b + 8. Calculate the remainder when r(-12) is divided by 15.
11
Let g(p) = 3*p**2 - 3*p + 3. Suppose -4*m + 2 = 10. What is the remainder when (9/6 + m)*-80 is divided by g(3)?
19
Suppose 0 = -4*y - 3*x + 130, -5*y + 4*x + 145 = -x. Suppose 5*w = 4*i - 26, -3*i - 9 + y = -5*w. What is the remainder when 4 is divided by i?
0
Suppose 15 = 5*a - 215. Let u = a + -2. Calculate the remainder when u is divided by 15.
14
Let q(t) = t**3 + 7*t**2 - 4*t + 11. What is the remainder when q(-7) is divided by 7?
4
Let j = 16 + 17. What is the remainder when j is divided by 7?
5
Let q = -33 + 35. What is the remainder when 5 is divided by q?
1
What is the remainder when ((-9)/2)/((-25)/150) is divided by 10?
7
Suppose -3*a = -12 - 0. Suppose 8*v = 4*v + a. Let f = v + 9. Calculate the remainder when 38 is divided by f.
8
Calculate the remainder when (-10)/(-25) + 103/5 is divided by 8.
5
Let f(y) = 3*y + 2. Let h(t) = 7*t + 4. Let r(d) = 10*f(d) - 4*h(d). What is the remainder when 138*1/(0 + 2) is divided by r(7)?
15
Suppose 5*w - 24 = w. Suppose -243 = -w*p + 153. Calculate the remainder when p is divided by 17.
15
Suppose 4*i - 3*i + 2*b - 70 = 0, 5*b - 58 = -i. Let s = i + -53. What is the remainder when s is divided by 14?
11
Calculate the remainder when (2/2)/((-1 - -2)/87) is divided by 18.
15
Suppose 4*l - 6*l = -40. What is the remainder when 37 is divided by l?
17
Suppose 91 = 8*a + 3. What is the remainder when 19 is divided by a?
8
Let a = -18 - -57. Calculate the remainder when a is divided by 20.
19
Suppose -4*x + x - 3*o = 9, 4*o + 8 = 0. Let g be ((x - 2) + 3)/(-1). Suppose g = -i + 5*i - 8. What is the remainder when 6 is divided by i?
0
Suppose -o + 0*o = -9. Calculate the remainder when (-2)/6 - 76/(-3) is divided by o.
7
Let r(h) = 2*h**2 - 4*h + 5. What is the remainder when 40 is divided by r(5)?
5
Suppose -t - t = -8. Suppose -15 = -5*m - t*g + 16, -3*g - 10 = -m. Calculate the remainder when 26 is divided by m.
5
Let q = -8 - -1. Let v = q + 12. Suppose -n - 36 - 54 = -v*o, -o + 2*n = -9. Calculate the remainder when o is divided by 7.
5
Suppose 4*p - 104 = -4*x, -3*x + 2*x = 3*p - 32. Suppose -826 = -8*f - 482. What is the remainder when f is divided by x?
20
Let w = 3 - 0. Suppose 3*c - 5*i = 1, 0*c - c + 5 = w*i. Suppose -6 = c*f - 4*s, 0 = -f - 3*f + 5*s - 3. Calculate the remainder when 5 is divided by f.
2
Let d be (-2 - 4/(-3))*3. Suppose 0 = x - 7 - 5. Calculate the remainder when 216/10 + d/(-5) is divided by x.
10
Let d(o) be the first derivative of -o**4/4 - 3*o**3 - 5*o**2/2 - 11*o - 5. What is the remainder w